{"id":134,"date":"2023-07-28T22:11:13","date_gmt":"2023-07-28T20:11:13","guid":{"rendered":"https:\/\/dom-ucenicki-kutina.skole.hr\/?page_id=134"},"modified":"2025-07-23T10:43:41","modified_gmt":"2025-07-23T08:43:41","slug":"oglasi-za-posao","status":"publish","type":"page","link":"https:\/\/dom-ucenicki-kutina.skole.hr\/?page_id=134","title":{"rendered":"Upisi"},"content":{"rendered":"<p>[et_pb_section fb_built=&#8221;1&#8243; _builder_version=&#8221;4.25.0&#8243; _module_preset=&#8221;default&#8221; global_colors_info=&#8221;{}&#8221;][et_pb_row _builder_version=&#8221;4.25.0&#8243; _module_preset=&#8221;default&#8221; global_colors_info=&#8221;{}&#8221;][et_pb_column type=&#8221;4_4&#8243; _builder_version=&#8221;4.25.0&#8243; _module_preset=&#8221;default&#8221; global_colors_info=&#8221;{}&#8221;][et_pb_heading title=&#8221;Objava slobodnih upisnih mjesta za jesenski rok&#8221; _builder_version=&#8221;4.25.0&#8243; _module_preset=&#8221;default&#8221; hover_enabled=&#8221;0&#8243; sticky_enabled=&#8221;0&#8243; title_font=&#8221;|700|||||||&#8221;][\/et_pb_heading][et_pb_text _builder_version=&#8221;4.25.0&#8243; _module_preset=&#8221;default&#8221; hover_enabled=&#8221;0&#8243; sticky_enabled=&#8221;0&#8243; text_font_size=&#8221;21px&#8221;]<\/p>\n<p><strong>Obavje\u0161tavamo sve zainteresirane u\u010denike i roditelje\/skrbnike da je u U\u010deni\u010dkom domu \u2013 Kutina za jesenski rok za \u0161kolsku godinu 2025.\/2026. <u>ostalo dva slobodna upisna mjesta za djevojke<\/u><u>\u00a0prvih razreda<\/u> srednjih \u0161kola.<\/strong><\/p>\n<p>[\/et_pb_text][et_pb_image src=&#8221;https:\/\/dom-ucenicki-kutina.skole.hr\/wp-content\/uploads\/sites\/2193\/2025\/06\/jesenski-rok.png&#8221; _builder_version=&#8221;4.25.0&#8243; _module_preset=&#8221;default&#8221; title_text=&#8221;jesenski rok&#8221; hover_enabled=&#8221;0&#8243; sticky_enabled=&#8221;0&#8243;][\/et_pb_image][et_pb_heading title=&#8221;Upisi 2025.\/2026.&#8221; _builder_version=&#8221;4.25.0&#8243; _module_preset=&#8221;default&#8221; title_font=&#8221;|700|||||||&#8221; global_colors_info=&#8221;{}&#8221;][\/et_pb_heading][et_pb_text _builder_version=&#8221;4.25.0&#8243; _module_preset=&#8221;default&#8221; global_colors_info=&#8221;{}&#8221;]<\/p>\n<p>Po\u0161tovani u\u010denici, roditelji i skrbnici,<\/p>\n<p>Obavje\u0161tavamo vas da U\u010deni\u010dki dom Kutina ima\u00a0<strong>23 slobodna mjesta\u00a0<\/strong>za upis u\u010denika 1. razreda srednjih \u0161kola, od toga <strong>8 mjesta za mladi\u0107e i 15 mjesta za djevojke.<\/strong><\/p>\n<p>U\u010denici se\u00a0<strong>PRIJAVLJUJU I UPISUJU\u00a0<\/strong>u u\u010deni\u010dki dom u \u0161kolskoj godini 2025.\/2026.\u00a0<strong>ELEKTRONI\u010cKIM NA\u010cINOM\u00a0<\/strong>preko mre\u017ene stranice Informacijskog sustava prijava i upisa u u\u010deni\u010dki dom (ISPUUD)\u00a0<span><strong><a href=\"https:\/\/domovi.e-upisi.hr\/\">https:\/\/domovi.e-upisi.hr\/<\/a><\/strong><\/span><\/p>\n<p>Korisni\u010dke upute za pristup i prijavu u aplikaciju za u\u010denike i roditelje dostupne na poveznici\u00a0<span><strong><a href=\"https:\/\/domovi.e-upisi.hr\/#\/Manual\">https:\/\/domovi.e-upisi.hr\/#\/Manual\u00a0<\/a><\/strong><\/span>pa molimo roditelje i u\u010denike da iste prou\u010de prije po\u010detka upisnog roka.<\/p>\n<p>Sve obavijesti o na\u010dinu i rokovima prijava, potrebnoj dokumentaciji i sli\u010dno pro\u010ditajte iz Odluke za prijam u\u010denika u u\u010deni\u010dke domove, u Natje\u010daju za upis u\u010denika u U\u010deni\u010dki dom Kutina, te informacija koje su dostupne ni\u017ee u tekstu.<\/p>\n<p>[\/et_pb_text][et_pb_image src=&#8221;https:\/\/dom-ucenicki-kutina.skole.hr\/wp-content\/uploads\/sites\/2193\/2025\/06\/ljetni-rok-1.png&#8221; title_text=&#8221;ljetni rok 1&#8243; _builder_version=&#8221;4.25.0&#8243; _module_preset=&#8221;default&#8221; global_colors_info=&#8221;{}&#8221;][\/et_pb_image][et_pb_image src=&#8221;https:\/\/dom-ucenicki-kutina.skole.hr\/wp-content\/uploads\/sites\/2193\/2025\/06\/jesenski-rok.png&#8221; title_text=&#8221;jesenski rok&#8221; _builder_version=&#8221;4.25.0&#8243; _module_preset=&#8221;default&#8221; global_colors_info=&#8221;{}&#8221;][\/et_pb_image][et_pb_text _builder_version=&#8221;4.25.0&#8243; _module_preset=&#8221;default&#8221; global_colors_info=&#8221;{}&#8221;]<\/p>\n<p><strong>Odlukom \u017eupana Sisa\u010dko-moslava\u010dke \u017eupanije, U\u010deni\u010dki dom Kutina je besplatan za sve u\u010denike.<\/strong><\/p>\n<p><strong>U slu\u010daju bilo kakvih nedoumica, pitanja i\/ili pote\u0161ko\u0107a dostupni smo na broj \u00a0044 \/ 683 542 ili 099 \/ 803 4528 u redovno radno vrijeme.<\/strong><\/p>\n<p>[\/et_pb_text][\/et_pb_column][\/et_pb_row][et_pb_row _builder_version=&#8221;4.25.0&#8243; _module_preset=&#8221;default&#8221; global_colors_info=&#8221;{}&#8221;][et_pb_column type=&#8221;4_4&#8243; _builder_version=&#8221;4.25.0&#8243; _module_preset=&#8221;default&#8221; global_colors_info=&#8221;{}&#8221;][et_pb_toggle title=&#8221;Natje\u010daj za upis u\u010denika prvih razreda srednjih \u0161kola u U\u010deni\u010dki dom Kutina za \u0161k. god. 2025.\/2026.&#8221; _builder_version=&#8221;4.25.0&#8243; _module_preset=&#8221;default&#8221; title_level=&#8221;h4&#8243; title_font=&#8221;|700|||||||&#8221; link_option_url_new_window=&#8221;on&#8221; global_colors_info=&#8221;{}&#8221;]<\/p>\n<p><a href=\"https:\/\/dom-ucenicki-kutina.skole.hr\/wp-content\/uploads\/sites\/2193\/2025\/06\/Natjecaj-upisi-u-Dom.pdf\" rel=\"attachment wp-att-298630\"><\/a><a href=\"https:\/\/dom-ucenicki-kutina.skole.hr\/wp-content\/uploads\/sites\/2193\/2025\/06\/Natjecaj-upisi2.pdf\" rel=\"attachment wp-att-298654\">Natje\u010daj za upis u\u010denika prvih razreda srednjih \u0161kola u U\u010deni\u010dki dom Kutina za \u0161k.god. 2025.\/2026.<\/a><\/p>\n<p>[\/et_pb_toggle][et_pb_toggle title=&#8221;Odluka o uvjetima za prijam u\u010denika prvih razreda srednjih \u0161kola u u\u010deni\u010dke domove u \u0161kolskoj godini 2025.\/2026.&#8221; _builder_version=&#8221;4.25.0&#8243; _module_preset=&#8221;default&#8221; title_level=&#8221;h4&#8243; title_font=&#8221;|700|||||||&#8221; link_option_url_new_window=&#8221;on&#8221; global_colors_info=&#8221;{}&#8221;]<\/p>\n<p><a href=\"https:\/\/dom-ucenicki-kutina.skole.hr\/wp-content\/uploads\/sites\/2193\/2025\/06\/ODLUKA-O-UVJETIMA-UPISA-2025-2026.pdf\" rel=\"attachment wp-att-298627\">Odluka o uvjetima za prijam 2025-2026<\/a><\/p>\n<p>[\/et_pb_toggle][\/et_pb_column][\/et_pb_row][et_pb_row _builder_version=&#8221;4.25.0&#8243; _module_preset=&#8221;default&#8221;][et_pb_column _builder_version=&#8221;4.25.0&#8243; _module_preset=&#8221;default&#8221; type=&#8221;4_4&#8243;][\/et_pb_column][\/et_pb_row][\/et_pb_section]<\/p>\n","protected":false},"excerpt":{"rendered":"<p>Obavje\u0161tavamo sve zainteresirane u\u010denike i roditelje\/skrbnike da je u U\u010deni\u010dkom domu \u2013 Kutina za jesenski rok za \u0161kolsku godinu 2025.\/2026. ostalo dva slobodna upisna mjesta za djevojke\u00a0prvih razreda srednjih \u0161kola.Po\u0161tovani u\u010denici, roditelji i skrbnici, Obavje\u0161tavamo vas da U\u010deni\u010dki dom Kutina ima\u00a023 slobodna mjesta\u00a0za upis u\u010denika 1. razreda srednjih \u0161kola, od toga 8 mjesta za mladi\u0107e [&hellip;]<\/p>\n","protected":false},"author":3651,"featured_media":0,"parent":0,"menu_order":0,"comment_status":"closed","ping_status":"closed","template":"","meta":{"_et_pb_use_builder":"on","_et_pb_old_content":"","_et_gb_content_width":"","footnotes":""},"class_list":["post-134","page","type-page","status-publish","hentry"],"_links":{"self":[{"href":"https:\/\/dom-ucenicki-kutina.skole.hr\/index.php?rest_route=\/wp\/v2\/pages\/134","targetHints":{"allow":["GET"]}}],"collection":[{"href":"https:\/\/dom-ucenicki-kutina.skole.hr\/index.php?rest_route=\/wp\/v2\/pages"}],"about":[{"href":"https:\/\/dom-ucenicki-kutina.skole.hr\/index.php?rest_route=\/wp\/v2\/types\/page"}],"author":[{"embeddable":true,"href":"https:\/\/dom-ucenicki-kutina.skole.hr\/index.php?rest_route=\/wp\/v2\/users\/3651"}],"replies":[{"embeddable":true,"href":"https:\/\/dom-ucenicki-kutina.skole.hr\/index.php?rest_route=%2Fwp%2Fv2%2Fcomments&post=134"}],"version-history":[{"count":11,"href":"https:\/\/dom-ucenicki-kutina.skole.hr\/index.php?rest_route=\/wp\/v2\/pages\/134\/revisions"}],"predecessor-version":[{"id":298786,"href":"https:\/\/dom-ucenicki-kutina.skole.hr\/index.php?rest_route=\/wp\/v2\/pages\/134\/revisions\/298786"}],"wp:attachment":[{"href":"https:\/\/dom-ucenicki-kutina.skole.hr\/index.php?rest_route=%2Fwp%2Fv2%2Fmedia&parent=134"}],"curies":[{"name":"wp","href":"https:\/\/api.w.org\/{rel}","templated":true}]}}

<p>[et_pb_section fb_built=&#8221;1&#8243; _builder_version=&#8221;4.25.0&#8243; _module_preset=&#8221;default&#8221; global_colors_info=&#8221;{}&#8221;][et_pb_row _builder_version=&#8221;4.25.0&#8243; _module_preset=&#8221;default&#8221; global_colors_info=&#8221;{}&#8221;][et_pb_column type=&#8221;4_4&#8243; _builder_version=&#8221;4.25.0&#8243; _module_preset=&#8221;default&#8221; global_colors_info=&#8221;{}&#8221;][et_pb_heading title=&#8221;Objava slobodnih upisnih mjesta za jesenski rok&#8221; _builder_version=&#8221;4.25.0&#8243; _module_preset=&#8221;default&#8221; hover_enabled=&#8221;0&#8243; sticky_enabled=&#8221;0&#8243; title_font=&#8221;|700|||||||&#8221;][/et_pb_heading][et_pb_text _builder_version=&#8221;4.25.0&#8243; _module_preset=&#8221;default&#8221; hover_enabled=&#8221;0&#8243; sticky_enabled=&#8221;0&#8243; text_font_size=&#8221;21px&#8221;]</p>
<p><strong>Obavještavamo sve zainteresirane učenike i roditelje/skrbnike da je u Učeničkom domu – Kutina za jesenski rok za školsku godinu 2025./2026. <u>ostalo dva slobodna upisna mjesta za djevojke</u><u> prvih razreda</u> srednjih škola.</strong></p>
<p>[/et_pb_text][et_pb_image src=&#8221;https://dom-ucenicki-kutina.skole.hr/wp-content/uploads/sites/2193/2025/06/jesenski-rok.png&#8221; _builder_version=&#8221;4.25.0&#8243; _module_preset=&#8221;default&#8221; title_text=&#8221;jesenski rok&#8221; hover_enabled=&#8221;0&#8243; sticky_enabled=&#8221;0&#8243;][/et_pb_image][et_pb_heading title=&#8221;Upisi 2025./2026.&#8221; _builder_version=&#8221;4.25.0&#8243; _module_preset=&#8221;default&#8221; title_font=&#8221;|700|||||||&#8221; global_colors_info=&#8221;{}&#8221;][/et_pb_heading][et_pb_text _builder_version=&#8221;4.25.0&#8243; _module_preset=&#8221;default&#8221; global_colors_info=&#8221;{}&#8221;]</p>
<p>Poštovani učenici, roditelji i skrbnici,</p>
<p>Obavještavamo vas da Učenički dom Kutina ima <strong>23 slobodna mjesta </strong>za upis učenika 1. razreda srednjih škola, od toga <strong>8 mjesta za mladiće i 15 mjesta za djevojke.</strong></p>
<p>Učenici se <strong>PRIJAVLJUJU I UPISUJU </strong>u učenički dom u školskoj godini 2025./2026. <strong>ELEKTRONIČKIM NAČINOM </strong>preko mrežne stranice Informacijskog sustava prijava i upisa u učenički dom (ISPUUD) <span><strong><a href="https://domovi.e-upisi.hr/">https://domovi.e-upisi.hr/</a></strong></span></p>
<p>Korisničke upute za pristup i prijavu u aplikaciju za učenike i roditelje dostupne na poveznici <span><strong><a href="https://domovi.e-upisi.hr/#/Manual">https://domovi.e-upisi.hr/#/Manual </a></strong></span>pa molimo roditelje i učenike da iste prouče prije početka upisnog roka.</p>
<p>Sve obavijesti o načinu i rokovima prijava, potrebnoj dokumentaciji i slično pročitajte iz Odluke za prijam učenika u učeničke domove, u Natječaju za upis učenika u Učenički dom Kutina, te informacija koje su dostupne niže u tekstu.</p>
<p>[/et_pb_text][et_pb_image src=&#8221;https://dom-ucenicki-kutina.skole.hr/wp-content/uploads/sites/2193/2025/06/ljetni-rok-1.png&#8221; title_text=&#8221;ljetni rok 1&#8243; _builder_version=&#8221;4.25.0&#8243; _module_preset=&#8221;default&#8221; global_colors_info=&#8221;{}&#8221;][/et_pb_image][et_pb_image src=&#8221;https://dom-ucenicki-kutina.skole.hr/wp-content/uploads/sites/2193/2025/06/jesenski-rok.png&#8221; title_text=&#8221;jesenski rok&#8221; _builder_version=&#8221;4.25.0&#8243; _module_preset=&#8221;default&#8221; global_colors_info=&#8221;{}&#8221;][/et_pb_image][et_pb_text _builder_version=&#8221;4.25.0&#8243; _module_preset=&#8221;default&#8221; global_colors_info=&#8221;{}&#8221;]</p>
<p><strong>Odlukom župana Sisačko-moslavačke županije, Učenički dom Kutina je besplatan za sve učenike.</strong></p>
<p><strong>U slučaju bilo kakvih nedoumica, pitanja i/ili poteškoća dostupni smo na broj  044 / 683 542 ili 099 / 803 4528 u redovno radno vrijeme.</strong></p>
<p>[/et_pb_text][/et_pb_column][/et_pb_row][et_pb_row _builder_version=&#8221;4.25.0&#8243; _module_preset=&#8221;default&#8221; global_colors_info=&#8221;{}&#8221;][et_pb_column type=&#8221;4_4&#8243; _builder_version=&#8221;4.25.0&#8243; _module_preset=&#8221;default&#8221; global_colors_info=&#8221;{}&#8221;][et_pb_toggle title=&#8221;Natječaj za upis učenika prvih razreda srednjih škola u Učenički dom Kutina za šk. god. 2025./2026.&#8221; _builder_version=&#8221;4.25.0&#8243; _module_preset=&#8221;default&#8221; title_level=&#8221;h4&#8243; title_font=&#8221;|700|||||||&#8221; link_option_url_new_window=&#8221;on&#8221; global_colors_info=&#8221;{}&#8221;]</p>
<p><a href="https://dom-ucenicki-kutina.skole.hr/wp-content/uploads/sites/2193/2025/06/Natjecaj-upisi-u-Dom.pdf" rel="attachment wp-att-298630"></a><a href="https://dom-ucenicki-kutina.skole.hr/wp-content/uploads/sites/2193/2025/06/Natjecaj-upisi2.pdf" rel="attachment wp-att-298654">Natječaj za upis učenika prvih razreda srednjih škola u Učenički dom Kutina za šk.god. 2025./2026.</a></p>
<p>[/et_pb_toggle][et_pb_toggle title=&#8221;Odluka o uvjetima za prijam učenika prvih razreda srednjih škola u učeničke domove u školskoj godini 2025./2026.&#8221; _builder_version=&#8221;4.25.0&#8243; _module_preset=&#8221;default&#8221; title_level=&#8221;h4&#8243; title_font=&#8221;|700|||||||&#8221; link_option_url_new_window=&#8221;on&#8221; global_colors_info=&#8221;{}&#8221;]</p>
<p><a href="https://dom-ucenicki-kutina.skole.hr/wp-content/uploads/sites/2193/2025/06/ODLUKA-O-UVJETIMA-UPISA-2025-2026.pdf" rel="attachment wp-att-298627">Odluka o uvjetima za prijam 2025-2026</a></p>
<p>[/et_pb_toggle][/et_pb_column][/et_pb_row][et_pb_row _builder_version=&#8221;4.25.0&#8243; _module_preset=&#8221;default&#8221;][et_pb_column _builder_version=&#8221;4.25.0&#8243; _module_preset=&#8221;default&#8221; type=&#8221;4_4&#8243;][/et_pb_column][/et_pb_row][/et_pb_section]</p>

<p>Obavještavamo sve zainteresirane učenike i roditelje/skrbnike da je u Učeničkom domu – Kutina za jesenski rok za školsku godinu 2025./2026. ostalo dva slobodna upisna mjesta za djevojke prvih razreda srednjih škola.Poštovani učenici, roditelji i skrbnici, Obavještavamo vas da Učenički dom Kutina ima 23 slobodna mjesta za upis učenika 1. razreda srednjih škola, od toga 8 mjesta za mladiće [&hellip;]</p>
