{"id":295059,"date":"2024-07-19T10:07:59","date_gmt":"2024-07-19T08:07:59","guid":{"rendered":"https:\/\/dom-ucenicki-kutina.skole.hr\/?page_id=295059"},"modified":"2026-01-22T12:39:37","modified_gmt":"2026-01-22T11:39:37","slug":"295059-2","status":"publish","type":"page","link":"https:\/\/dom-ucenicki-kutina.skole.hr\/?page_id=295059","title":{"rendered":"Godi\u0161nji planovi i programi UD Kutina"},"content":{"rendered":"<p>[et_pb_section fb_built=&#8221;1&#8243; _builder_version=&#8221;4.25.0&#8243; _module_preset=&#8221;default&#8221; global_colors_info=&#8221;{}&#8221;][et_pb_row _builder_version=&#8221;4.25.0&#8243; _module_preset=&#8221;default&#8221; global_colors_info=&#8221;{}&#8221;][et_pb_column type=&#8221;4_4&#8243; _builder_version=&#8221;4.25.0&#8243; _module_preset=&#8221;default&#8221; global_colors_info=&#8221;{}&#8221;][et_pb_heading title=&#8221;Godi\u0161nji planovi i programi UD Kutina&#8221; _builder_version=&#8221;4.25.0&#8243; _module_preset=&#8221;default&#8221; title_font=&#8221;|700|||||||&#8221; global_colors_info=&#8221;{}&#8221;][\/et_pb_heading][et_pb_toggle title=&#8221;2025.\/2026.&#8221; _builder_version=&#8221;4.25.0&#8243; _module_preset=&#8221;default&#8221; title_level=&#8221;h2&#8243; title_font=&#8221;|700|||||||&#8221; global_colors_info=&#8221;{}&#8221;]<\/p>\n<p><a href=\"https:\/\/dom-ucenicki-kutina.skole.hr\/wp-content\/uploads\/sites\/2193\/2025\/10\/godisnji-plan-i-program-rada-UD-Kutina-za-sk.god-2025-26.pdf\" rel=\"attachment wp-att-299247\">godi\u0161nji plan i program rada UD Kutina za \u0161k.god 2025-26.<\/a><\/p>\n<p>[\/et_pb_toggle][et_pb_toggle title=&#8221;2024.\/2025.&#8221; _builder_version=&#8221;4.25.0&#8243; _module_preset=&#8221;default&#8221; title_level=&#8221;h2&#8243; title_font=&#8221;|700|||||||&#8221; hover_enabled=&#8221;0&#8243; global_colors_info=&#8221;{}&#8221; sticky_enabled=&#8221;0&#8243;]<\/p>\n<p><a href=\"https:\/\/dom-ucenicki-kutina.skole.hr\/wp-content\/uploads\/sites\/2193\/2026\/01\/godisnji-plan-i-program-rada-UD-Kutina-za-sk.god-2024-25.-ISPRAVAK.docx\" rel=\"attachment wp-att-301164\">godi\u0161nji plan i program rada UD Kutina za \u0161k.god 2024-25.<\/a><\/p>\n<p>[\/et_pb_toggle][et_pb_toggle title=&#8221;2023.\/2024.&#8221; _builder_version=&#8221;4.25.0&#8243; _module_preset=&#8221;default&#8221; title_level=&#8221;h2&#8243; title_font=&#8221;|700|||||||&#8221; global_colors_info=&#8221;{}&#8221;]<\/p>\n<p><a href=\"https:\/\/dom-ucenicki-kutina.skole.hr\/wp-content\/uploads\/sites\/2193\/2024\/07\/godisni-plan-i-program-rada-UD-Kutina-2023-2024.-konacna-2-1.docx\" rel=\"attachment wp-att-295065\">godi\u0161ni plan i program rada UD Kutina 2023-2024.<\/a><\/p>\n<p>[\/et_pb_toggle][\/et_pb_column][\/et_pb_row][\/et_pb_section]<\/p>\n","protected":false},"excerpt":{"rendered":"<p>godi\u0161nji plan i program rada UD Kutina za \u0161k.god 2025-26.godi\u0161nji plan i program rada UD Kutina za \u0161k.god 2024-25.godi\u0161ni plan i program rada UD Kutina 2023-2024.<\/p>\n","protected":false},"author":3651,"featured_media":0,"parent":122,"menu_order":0,"comment_status":"closed","ping_status":"closed","template":"","meta":{"_et_pb_use_builder":"on","_et_pb_old_content":"","_et_gb_content_width":"","footnotes":""},"class_list":["post-295059","page","type-page","status-publish","hentry"],"_links":{"self":[{"href":"https:\/\/dom-ucenicki-kutina.skole.hr\/index.php?rest_route=\/wp\/v2\/pages\/295059","targetHints":{"allow":["GET"]}}],"collection":[{"href":"https:\/\/dom-ucenicki-kutina.skole.hr\/index.php?rest_route=\/wp\/v2\/pages"}],"about":[{"href":"https:\/\/dom-ucenicki-kutina.skole.hr\/index.php?rest_route=\/wp\/v2\/types\/page"}],"author":[{"embeddable":true,"href":"https:\/\/dom-ucenicki-kutina.skole.hr\/index.php?rest_route=\/wp\/v2\/users\/3651"}],"replies":[{"embeddable":true,"href":"https:\/\/dom-ucenicki-kutina.skole.hr\/index.php?rest_route=%2Fwp%2Fv2%2Fcomments&post=295059"}],"version-history":[{"count":5,"href":"https:\/\/dom-ucenicki-kutina.skole.hr\/index.php?rest_route=\/wp\/v2\/pages\/295059\/revisions"}],"predecessor-version":[{"id":301170,"href":"https:\/\/dom-ucenicki-kutina.skole.hr\/index.php?rest_route=\/wp\/v2\/pages\/295059\/revisions\/301170"}],"up":[{"embeddable":true,"href":"https:\/\/dom-ucenicki-kutina.skole.hr\/index.php?rest_route=\/wp\/v2\/pages\/122"}],"wp:attachment":[{"href":"https:\/\/dom-ucenicki-kutina.skole.hr\/index.php?rest_route=%2Fwp%2Fv2%2Fmedia&parent=295059"}],"curies":[{"name":"wp","href":"https:\/\/api.w.org\/{rel}","templated":true}]}}

Godišnji planovi i programi UD Kutina

<p>[et_pb_section fb_built=&#8221;1&#8243; _builder_version=&#8221;4.25.0&#8243; _module_preset=&#8221;default&#8221; global_colors_info=&#8221;{}&#8221;][et_pb_row _builder_version=&#8221;4.25.0&#8243; _module_preset=&#8221;default&#8221; global_colors_info=&#8221;{}&#8221;][et_pb_column type=&#8221;4_4&#8243; _builder_version=&#8221;4.25.0&#8243; _module_preset=&#8221;default&#8221; global_colors_info=&#8221;{}&#8221;][et_pb_heading title=&#8221;Godišnji planovi i programi UD Kutina&#8221; _builder_version=&#8221;4.25.0&#8243; _module_preset=&#8221;default&#8221; title_font=&#8221;|700|||||||&#8221; global_colors_info=&#8221;{}&#8221;][/et_pb_heading][et_pb_toggle title=&#8221;2025./2026.&#8221; _builder_version=&#8221;4.25.0&#8243; _module_preset=&#8221;default&#8221; title_level=&#8221;h2&#8243; title_font=&#8221;|700|||||||&#8221; global_colors_info=&#8221;{}&#8221;]</p>
<p><a href="https://dom-ucenicki-kutina.skole.hr/wp-content/uploads/sites/2193/2025/10/godisnji-plan-i-program-rada-UD-Kutina-za-sk.god-2025-26.pdf" rel="attachment wp-att-299247">godišnji plan i program rada UD Kutina za šk.god 2025-26.</a></p>
<p>[/et_pb_toggle][et_pb_toggle title=&#8221;2024./2025.&#8221; _builder_version=&#8221;4.25.0&#8243; _module_preset=&#8221;default&#8221; title_level=&#8221;h2&#8243; title_font=&#8221;|700|||||||&#8221; hover_enabled=&#8221;0&#8243; global_colors_info=&#8221;{}&#8221; sticky_enabled=&#8221;0&#8243;]</p>
<p><a href="https://dom-ucenicki-kutina.skole.hr/wp-content/uploads/sites/2193/2026/01/godisnji-plan-i-program-rada-UD-Kutina-za-sk.god-2024-25.-ISPRAVAK.docx" rel="attachment wp-att-301164">godišnji plan i program rada UD Kutina za šk.god 2024-25.</a></p>
<p>[/et_pb_toggle][et_pb_toggle title=&#8221;2023./2024.&#8221; _builder_version=&#8221;4.25.0&#8243; _module_preset=&#8221;default&#8221; title_level=&#8221;h2&#8243; title_font=&#8221;|700|||||||&#8221; global_colors_info=&#8221;{}&#8221;]</p>
<p><a href="https://dom-ucenicki-kutina.skole.hr/wp-content/uploads/sites/2193/2024/07/godisni-plan-i-program-rada-UD-Kutina-2023-2024.-konacna-2-1.docx" rel="attachment wp-att-295065">godišni plan i program rada UD Kutina 2023-2024.</a></p>
<p>[/et_pb_toggle][/et_pb_column][/et_pb_row][/et_pb_section]</p>

<p>godišnji plan i program rada UD Kutina za šk.god 2025-26.godišnji plan i program rada UD Kutina za šk.god 2024-25.godišni plan i program rada UD Kutina 2023-2024.</p>
