{"id":295110,"date":"2024-07-19T10:46:16","date_gmt":"2024-07-19T08:46:16","guid":{"rendered":"https:\/\/dom-ucenicki-kutina.skole.hr\/?page_id=295110"},"modified":"2026-01-16T18:15:28","modified_gmt":"2026-01-16T17:15:28","slug":"295110-2","status":"publish","type":"page","link":"https:\/\/dom-ucenicki-kutina.skole.hr\/?page_id=295110","title":{"rendered":"Roditelji"},"content":{"rendered":"<p>[et_pb_section fb_built=&#8221;1&#8243; _builder_version=&#8221;4.25.0&#8243; _module_preset=&#8221;default&#8221; global_colors_info=&#8221;{}&#8221;][et_pb_row _builder_version=&#8221;4.25.0&#8243; _module_preset=&#8221;default&#8221; global_colors_info=&#8221;{}&#8221; column_structure=&#8221;1_2,1_2&#8243;][et_pb_column type=&#8221;1_2&#8243; _builder_version=&#8221;4.25.0&#8243; _module_preset=&#8221;default&#8221; global_colors_info=&#8221;{}&#8221;][et_pb_text _builder_version=&#8221;4.25.0&#8243; _module_preset=&#8221;default&#8221; global_colors_info=&#8221;{}&#8221;]<\/p>\n<p><img decoding=\"async\" src=\"https:\/\/dom-ucenicki-kutina.skole.hr\/wp-content\/uploads\/sites\/2193\/2025\/05\/Blue-Colorful-Illustrative-Buy-Used-Car-Tips-Infographic-Poster-723x1024.jpg\" width=\"723\" height=\"1024\" alt=\"\" class=\"wp-image-298305 aligncenter size-large\" srcset=\"https:\/\/dom-ucenicki-kutina.skole.hr\/wp-content\/uploads\/sites\/2193\/2025\/05\/Blue-Colorful-Illustrative-Buy-Used-Car-Tips-Infographic-Poster-723x1024.jpg 723w, https:\/\/dom-ucenicki-kutina.skole.hr\/wp-content\/uploads\/sites\/2193\/2025\/05\/Blue-Colorful-Illustrative-Buy-Used-Car-Tips-Infographic-Poster-480x679.jpg 480w\" sizes=\"(min-width: 0px) and (max-width: 480px) 480px, (min-width: 481px) 723px, 100vw\" \/><\/p>\n<p><a href=\"https:\/\/dom-ucenicki-kutina.skole.hr\/wp-content\/uploads\/sites\/2193\/2025\/01\/Letak-za-roditelje.pdf\" rel=\"attachment wp-att-297054\">Letak za roditelje &#8211; podr\u0161ka nakon traumati\u010dnog doga\u0111aja<\/a><\/p>\n<p>[\/et_pb_text][et_pb_heading title=&#8221;Roditeljski sastanci&#8221; _builder_version=&#8221;4.25.0&#8243; _module_preset=&#8221;default&#8221; title_font=&#8221;|600|||||||&#8221; title_font_size=&#8221;38px&#8221; global_colors_info=&#8221;{}&#8221;][\/et_pb_heading][\/et_pb_column][et_pb_column type=&#8221;1_2&#8243; _builder_version=&#8221;4.25.0&#8243; _module_preset=&#8221;default&#8221; global_colors_info=&#8221;{}&#8221;][et_pb_image src=&#8221;https:\/\/dom-ucenicki-kutina.skole.hr\/wp-content\/uploads\/sites\/2193\/2026\/01\/Romobili-u-prometu.jpg&#8221; _builder_version=&#8221;4.25.0&#8243; _module_preset=&#8221;default&#8221; title_text=&#8221;Romobili u prometu&#8221; hover_enabled=&#8221;0&#8243; sticky_enabled=&#8221;0&#8243;][\/et_pb_image][\/et_pb_column][\/et_pb_row][et_pb_row _builder_version=&#8221;4.25.0&#8243; _module_preset=&#8221;default&#8221; global_colors_info=&#8221;{}&#8221;][et_pb_column type=&#8221;4_4&#8243; _builder_version=&#8221;4.25.0&#8243; _module_preset=&#8221;default&#8221; global_colors_info=&#8221;{}&#8221;][et_pb_heading title=&#8221;Informacije za roditelje&#8221; _builder_version=&#8221;4.25.0&#8243; _module_preset=&#8221;default&#8221; title_font=&#8221;|600|||||||&#8221; title_font_size=&#8221;38px&#8221; global_colors_info=&#8221;{}&#8221;][\/et_pb_heading][et_pb_toggle title=&#8221;I. odgojna skupina &#8211; Ines Gajevi\u0107, prof.&#8221; _builder_version=&#8221;4.25.0&#8243; _module_preset=&#8221;default&#8221; global_colors_info=&#8221;{}&#8221;]<\/p>\n<p><a href=\"https:\/\/dom-ucenicki-kutina.skole.hr\/wp-content\/uploads\/sites\/2193\/2025\/11\/Primanje-roditelja-rujan.docx\" rel=\"attachment wp-att-299655\">Primanje roditelja &#8211; rujan<\/a><\/p>\n<p><a href=\"https:\/\/dom-ucenicki-kutina.skole.hr\/wp-content\/uploads\/sites\/2193\/2025\/11\/Primanje-roditelja-listopad.docx\" rel=\"attachment wp-att-299658\">Primanje roditelja &#8211; listopad<\/a><\/p>\n<p><a href=\"https:\/\/dom-ucenicki-kutina.skole.hr\/wp-content\/uploads\/sites\/2193\/2025\/11\/Primanje-roditelja-studeni.docx\" rel=\"attachment wp-att-299661\">Primanje roditelja -studeni<\/a><\/p>\n<p><a href=\"https:\/\/dom-ucenicki-kutina.skole.hr\/wp-content\/uploads\/sites\/2193\/2026\/01\/PRIMANJA-RODITELJA.docxSCD.docx\" rel=\"attachment wp-att-300915\">Primanje roditelja &#8211; prosinac<\/a><\/p>\n<p><a href=\"https:\/\/dom-ucenicki-kutina.skole.hr\/wp-content\/uploads\/sites\/2193\/2026\/01\/Primanje-roditelja-sijecanj.docx\" rel=\"attachment wp-att-300936\">Primanje roditelja &#8211; sije\u010danj<\/a><\/p>\n<p>[\/et_pb_toggle][et_pb_toggle title=&#8221;II. odgojna skupina &#8211; Petra Kova\u010devi\u0107, prof.&#8221; _builder_version=&#8221;4.25.0&#8243; _module_preset=&#8221;default&#8221; global_colors_info=&#8221;{}&#8221;]<\/p>\n<p><a href=\"https:\/\/dom-ucenicki-kutina.skole.hr\/wp-content\/uploads\/sites\/2193\/2026\/01\/rujan.docx\" rel=\"attachment wp-att-300924\">Primanje roditelja &#8211; rujan<\/a><\/p>\n<p><a href=\"https:\/\/dom-ucenicki-kutina.skole.hr\/wp-content\/uploads\/sites\/2193\/2026\/01\/LISTOPAD.docx\" rel=\"attachment wp-att-300921\">Primanje roditelja &#8211; listopad<\/a><\/p>\n<p><a href=\"https:\/\/dom-ucenicki-kutina.skole.hr\/wp-content\/uploads\/sites\/2193\/2026\/01\/STUDENI.docx\" rel=\"attachment wp-att-300927\">Primanje roditelja &#8211; studeni<\/a><\/p>\n<p>[\/et_pb_toggle][et_pb_toggle title=&#8221;III. odgojna skupina &#8211; D\u017eemila Luka\u010d, prof.&#8221; _builder_version=&#8221;4.25.0&#8243; _module_preset=&#8221;default&#8221; global_colors_info=&#8221;{}&#8221;]<\/p>\n<p><a href=\"https:\/\/dom-ucenicki-kutina.skole.hr\/wp-content\/uploads\/sites\/2193\/2025\/11\/Primanje-roditelja-rujan-1.docx\" rel=\"attachment wp-att-299667\">Primanje roditelja &#8211; rujan<\/a><\/p>\n<p><a href=\"https:\/\/dom-ucenicki-kutina.skole.hr\/wp-content\/uploads\/sites\/2193\/2025\/11\/Primanje-roditelja-listopad-1.docx\" rel=\"attachment wp-att-299664\">Primanje roditelja &#8211; listopad<\/a><\/p>\n<p><a href=\"https:\/\/dom-ucenicki-kutina.skole.hr\/wp-content\/uploads\/sites\/2193\/2025\/11\/Primanje-roditelja-studeni-1.docx\" rel=\"attachment wp-att-299895\">Primanje roditelja &#8211; studeni<\/a><\/p>\n<p><a href=\"https:\/\/dom-ucenicki-kutina.skole.hr\/wp-content\/uploads\/sites\/2193\/2026\/01\/Primanje-roditelja-prosinac.docx\" rel=\"attachment wp-att-300933\">Primanje roditelja &#8211; prosinac<\/a><\/p>\n<p>&nbsp;<\/p>\n<p>&nbsp;<\/p>\n<p>[\/et_pb_toggle][et_pb_toggle title=&#8221;IV. odgojna skupina &#8211; Irena \u0160uljok, prof.&#8221; _builder_version=&#8221;4.25.0&#8243; _module_preset=&#8221;default&#8221; global_colors_info=&#8221;{}&#8221;]<\/p>\n<p><a href=\"https:\/\/dom-ucenicki-kutina.skole.hr\/wp-content\/uploads\/sites\/2193\/2025\/11\/Primanje-roditelja-rujan-3.docx\" rel=\"attachment wp-att-299925\">Primanje roditelja &#8211; rujan<\/a><\/p>\n<p><a href=\"https:\/\/dom-ucenicki-kutina.skole.hr\/wp-content\/uploads\/sites\/2193\/2025\/11\/Primanje-roditelja-listopad-2.docx\" rel=\"attachment wp-att-299922\">Primanje roditelja &#8211; listopad<\/a><\/p>\n<p><a href=\"https:\/\/dom-ucenicki-kutina.skole.hr\/wp-content\/uploads\/sites\/2193\/2025\/11\/Primanje-roditelja-studeni-2.docx\" rel=\"attachment wp-att-299928\">Primanje roditelja &#8211; studeni<\/a><\/p>\n<p><a href=\"https:\/\/dom-ucenicki-kutina.skole.hr\/wp-content\/uploads\/sites\/2193\/2026\/01\/Primanje-roditelja-sprosinac.docx\" rel=\"attachment wp-att-300930\">Primanje roditelja &#8211; prosinac<\/a><\/p>\n<p>[\/et_pb_toggle][\/et_pb_column][\/et_pb_row][\/et_pb_section]<\/p>\n","protected":false},"excerpt":{"rendered":"<p>Letak za roditelje &#8211; podr\u0161ka nakon traumati\u010dnog doga\u0111ajaPrimanje roditelja &#8211; rujan Primanje roditelja &#8211; listopad Primanje roditelja -studeni Primanje roditelja &#8211; prosinac Primanje roditelja &#8211; sije\u010danjPrimanje roditelja &#8211; rujan Primanje roditelja &#8211; listopad Primanje roditelja &#8211; studeniPrimanje roditelja &#8211; rujan Primanje roditelja &#8211; listopad Primanje roditelja &#8211; studeni Primanje roditelja &#8211; prosinac &nbsp; &nbsp;Primanje roditelja [&hellip;]<\/p>\n","protected":false},"author":3651,"featured_media":0,"parent":0,"menu_order":0,"comment_status":"closed","ping_status":"closed","template":"","meta":{"_et_pb_use_builder":"on","_et_pb_old_content":"","_et_gb_content_width":"","footnotes":""},"class_list":["post-295110","page","type-page","status-publish","hentry"],"_links":{"self":[{"href":"https:\/\/dom-ucenicki-kutina.skole.hr\/index.php?rest_route=\/wp\/v2\/pages\/295110","targetHints":{"allow":["GET"]}}],"collection":[{"href":"https:\/\/dom-ucenicki-kutina.skole.hr\/index.php?rest_route=\/wp\/v2\/pages"}],"about":[{"href":"https:\/\/dom-ucenicki-kutina.skole.hr\/index.php?rest_route=\/wp\/v2\/types\/page"}],"author":[{"embeddable":true,"href":"https:\/\/dom-ucenicki-kutina.skole.hr\/index.php?rest_route=\/wp\/v2\/users\/3651"}],"replies":[{"embeddable":true,"href":"https:\/\/dom-ucenicki-kutina.skole.hr\/index.php?rest_route=%2Fwp%2Fv2%2Fcomments&post=295110"}],"version-history":[{"count":26,"href":"https:\/\/dom-ucenicki-kutina.skole.hr\/index.php?rest_route=\/wp\/v2\/pages\/295110\/revisions"}],"predecessor-version":[{"id":301095,"href":"https:\/\/dom-ucenicki-kutina.skole.hr\/index.php?rest_route=\/wp\/v2\/pages\/295110\/revisions\/301095"}],"wp:attachment":[{"href":"https:\/\/dom-ucenicki-kutina.skole.hr\/index.php?rest_route=%2Fwp%2Fv2%2Fmedia&parent=295110"}],"curies":[{"name":"wp","href":"https:\/\/api.w.org\/{rel}","templated":true}]}}

<p>[et_pb_section fb_built=&#8221;1&#8243; _builder_version=&#8221;4.25.0&#8243; _module_preset=&#8221;default&#8221; global_colors_info=&#8221;{}&#8221;][et_pb_row _builder_version=&#8221;4.25.0&#8243; _module_preset=&#8221;default&#8221; global_colors_info=&#8221;{}&#8221; column_structure=&#8221;1_2,1_2&#8243;][et_pb_column type=&#8221;1_2&#8243; _builder_version=&#8221;4.25.0&#8243; _module_preset=&#8221;default&#8221; global_colors_info=&#8221;{}&#8221;][et_pb_text _builder_version=&#8221;4.25.0&#8243; _module_preset=&#8221;default&#8221; global_colors_info=&#8221;{}&#8221;]</p>
<p><img decoding="async" src="https://dom-ucenicki-kutina.skole.hr/wp-content/uploads/sites/2193/2025/05/Blue-Colorful-Illustrative-Buy-Used-Car-Tips-Infographic-Poster-723x1024.jpg" width="723" height="1024" alt="" class="wp-image-298305 aligncenter size-large" srcset="https://dom-ucenicki-kutina.skole.hr/wp-content/uploads/sites/2193/2025/05/Blue-Colorful-Illustrative-Buy-Used-Car-Tips-Infographic-Poster-723x1024.jpg 723w, https://dom-ucenicki-kutina.skole.hr/wp-content/uploads/sites/2193/2025/05/Blue-Colorful-Illustrative-Buy-Used-Car-Tips-Infographic-Poster-480x679.jpg 480w" sizes="(min-width: 0px) and (max-width: 480px) 480px, (min-width: 481px) 723px, 100vw" /></p>
<p><a href="https://dom-ucenicki-kutina.skole.hr/wp-content/uploads/sites/2193/2025/01/Letak-za-roditelje.pdf" rel="attachment wp-att-297054">Letak za roditelje &#8211; podrška nakon traumatičnog događaja</a></p>
<p>[/et_pb_text][et_pb_heading title=&#8221;Roditeljski sastanci&#8221; _builder_version=&#8221;4.25.0&#8243; _module_preset=&#8221;default&#8221; title_font=&#8221;|600|||||||&#8221; title_font_size=&#8221;38px&#8221; global_colors_info=&#8221;{}&#8221;][/et_pb_heading][/et_pb_column][et_pb_column type=&#8221;1_2&#8243; _builder_version=&#8221;4.25.0&#8243; _module_preset=&#8221;default&#8221; global_colors_info=&#8221;{}&#8221;][et_pb_image src=&#8221;https://dom-ucenicki-kutina.skole.hr/wp-content/uploads/sites/2193/2026/01/Romobili-u-prometu.jpg&#8221; _builder_version=&#8221;4.25.0&#8243; _module_preset=&#8221;default&#8221; title_text=&#8221;Romobili u prometu&#8221; hover_enabled=&#8221;0&#8243; sticky_enabled=&#8221;0&#8243;][/et_pb_image][/et_pb_column][/et_pb_row][et_pb_row _builder_version=&#8221;4.25.0&#8243; _module_preset=&#8221;default&#8221; global_colors_info=&#8221;{}&#8221;][et_pb_column type=&#8221;4_4&#8243; _builder_version=&#8221;4.25.0&#8243; _module_preset=&#8221;default&#8221; global_colors_info=&#8221;{}&#8221;][et_pb_heading title=&#8221;Informacije za roditelje&#8221; _builder_version=&#8221;4.25.0&#8243; _module_preset=&#8221;default&#8221; title_font=&#8221;|600|||||||&#8221; title_font_size=&#8221;38px&#8221; global_colors_info=&#8221;{}&#8221;][/et_pb_heading][et_pb_toggle title=&#8221;I. odgojna skupina &#8211; Ines Gajević, prof.&#8221; _builder_version=&#8221;4.25.0&#8243; _module_preset=&#8221;default&#8221; global_colors_info=&#8221;{}&#8221;]</p>
<p><a href="https://dom-ucenicki-kutina.skole.hr/wp-content/uploads/sites/2193/2025/11/Primanje-roditelja-rujan.docx" rel="attachment wp-att-299655">Primanje roditelja &#8211; rujan</a></p>
<p><a href="https://dom-ucenicki-kutina.skole.hr/wp-content/uploads/sites/2193/2025/11/Primanje-roditelja-listopad.docx" rel="attachment wp-att-299658">Primanje roditelja &#8211; listopad</a></p>
<p><a href="https://dom-ucenicki-kutina.skole.hr/wp-content/uploads/sites/2193/2025/11/Primanje-roditelja-studeni.docx" rel="attachment wp-att-299661">Primanje roditelja -studeni</a></p>
<p><a href="https://dom-ucenicki-kutina.skole.hr/wp-content/uploads/sites/2193/2026/01/PRIMANJA-RODITELJA.docxSCD.docx" rel="attachment wp-att-300915">Primanje roditelja &#8211; prosinac</a></p>
<p><a href="https://dom-ucenicki-kutina.skole.hr/wp-content/uploads/sites/2193/2026/01/Primanje-roditelja-sijecanj.docx" rel="attachment wp-att-300936">Primanje roditelja &#8211; siječanj</a></p>
<p>[/et_pb_toggle][et_pb_toggle title=&#8221;II. odgojna skupina &#8211; Petra Kovačević, prof.&#8221; _builder_version=&#8221;4.25.0&#8243; _module_preset=&#8221;default&#8221; global_colors_info=&#8221;{}&#8221;]</p>
<p><a href="https://dom-ucenicki-kutina.skole.hr/wp-content/uploads/sites/2193/2026/01/rujan.docx" rel="attachment wp-att-300924">Primanje roditelja &#8211; rujan</a></p>
<p><a href="https://dom-ucenicki-kutina.skole.hr/wp-content/uploads/sites/2193/2026/01/LISTOPAD.docx" rel="attachment wp-att-300921">Primanje roditelja &#8211; listopad</a></p>
<p><a href="https://dom-ucenicki-kutina.skole.hr/wp-content/uploads/sites/2193/2026/01/STUDENI.docx" rel="attachment wp-att-300927">Primanje roditelja &#8211; studeni</a></p>
<p>[/et_pb_toggle][et_pb_toggle title=&#8221;III. odgojna skupina &#8211; Džemila Lukač, prof.&#8221; _builder_version=&#8221;4.25.0&#8243; _module_preset=&#8221;default&#8221; global_colors_info=&#8221;{}&#8221;]</p>
<p><a href="https://dom-ucenicki-kutina.skole.hr/wp-content/uploads/sites/2193/2025/11/Primanje-roditelja-rujan-1.docx" rel="attachment wp-att-299667">Primanje roditelja &#8211; rujan</a></p>
<p><a href="https://dom-ucenicki-kutina.skole.hr/wp-content/uploads/sites/2193/2025/11/Primanje-roditelja-listopad-1.docx" rel="attachment wp-att-299664">Primanje roditelja &#8211; listopad</a></p>
<p><a href="https://dom-ucenicki-kutina.skole.hr/wp-content/uploads/sites/2193/2025/11/Primanje-roditelja-studeni-1.docx" rel="attachment wp-att-299895">Primanje roditelja &#8211; studeni</a></p>
<p><a href="https://dom-ucenicki-kutina.skole.hr/wp-content/uploads/sites/2193/2026/01/Primanje-roditelja-prosinac.docx" rel="attachment wp-att-300933">Primanje roditelja &#8211; prosinac</a></p>
<p>&nbsp;</p>
<p>&nbsp;</p>
<p>[/et_pb_toggle][et_pb_toggle title=&#8221;IV. odgojna skupina &#8211; Irena Šuljok, prof.&#8221; _builder_version=&#8221;4.25.0&#8243; _module_preset=&#8221;default&#8221; global_colors_info=&#8221;{}&#8221;]</p>
<p><a href="https://dom-ucenicki-kutina.skole.hr/wp-content/uploads/sites/2193/2025/11/Primanje-roditelja-rujan-3.docx" rel="attachment wp-att-299925">Primanje roditelja &#8211; rujan</a></p>
<p><a href="https://dom-ucenicki-kutina.skole.hr/wp-content/uploads/sites/2193/2025/11/Primanje-roditelja-listopad-2.docx" rel="attachment wp-att-299922">Primanje roditelja &#8211; listopad</a></p>
<p><a href="https://dom-ucenicki-kutina.skole.hr/wp-content/uploads/sites/2193/2025/11/Primanje-roditelja-studeni-2.docx" rel="attachment wp-att-299928">Primanje roditelja &#8211; studeni</a></p>
<p><a href="https://dom-ucenicki-kutina.skole.hr/wp-content/uploads/sites/2193/2026/01/Primanje-roditelja-sprosinac.docx" rel="attachment wp-att-300930">Primanje roditelja &#8211; prosinac</a></p>
<p>[/et_pb_toggle][/et_pb_column][/et_pb_row][/et_pb_section]</p>

<p>Letak za roditelje &#8211; podrška nakon traumatičnog događajaPrimanje roditelja &#8211; rujan Primanje roditelja &#8211; listopad Primanje roditelja -studeni Primanje roditelja &#8211; prosinac Primanje roditelja &#8211; siječanjPrimanje roditelja &#8211; rujan Primanje roditelja &#8211; listopad Primanje roditelja &#8211; studeniPrimanje roditelja &#8211; rujan Primanje roditelja &#8211; listopad Primanje roditelja &#8211; studeni Primanje roditelja &#8211; prosinac &nbsp; &nbsp;Primanje roditelja [&hellip;]</p>
