{"id":296979,"date":"2025-01-03T10:27:50","date_gmt":"2025-01-03T09:27:50","guid":{"rendered":"https:\/\/dom-ucenicki-kutina.skole.hr\/?page_id=296979"},"modified":"2025-11-06T08:41:49","modified_gmt":"2025-11-06T07:41:49","slug":"296979-2","status":"publish","type":"page","link":"https:\/\/dom-ucenicki-kutina.skole.hr\/?page_id=296979","title":{"rendered":"Sigurnost u Domu"},"content":{"rendered":"<p>[et_pb_section fb_built=&#8221;1&#8243; _builder_version=&#8221;4.25.0&#8243; _module_preset=&#8221;default&#8221; global_colors_info=&#8221;{}&#8221;][et_pb_row _builder_version=&#8221;4.25.0&#8243; _module_preset=&#8221;default&#8221; global_colors_info=&#8221;{}&#8221;][et_pb_column type=&#8221;4_4&#8243; _builder_version=&#8221;4.25.0&#8243; _module_preset=&#8221;default&#8221; global_colors_info=&#8221;{}&#8221;][et_pb_heading title=&#8221;Sigurnost u Domu&#8221; _builder_version=&#8221;4.25.0&#8243; _module_preset=&#8221;default&#8221; title_font=&#8221;|600|||||||&#8221; title_font_size=&#8221;41px&#8221; global_colors_info=&#8221;{}&#8221;][\/et_pb_heading][\/et_pb_column][\/et_pb_row][et_pb_row _builder_version=&#8221;4.25.0&#8243; _module_preset=&#8221;default&#8221; global_colors_info=&#8221;{}&#8221;][et_pb_column type=&#8221;4_4&#8243; _builder_version=&#8221;4.25.0&#8243; _module_preset=&#8221;default&#8221; global_colors_info=&#8221;{}&#8221;][et_pb_text _builder_version=&#8221;4.25.0&#8243; _module_preset=&#8221;default&#8221; hover_enabled=&#8221;0&#8243; global_colors_info=&#8221;{}&#8221; sticky_enabled=&#8221;0&#8243;]<\/p>\n<p><a href=\"https:\/\/dom-ucenicki-kutina.skole.hr\/wp-content\/uploads\/sites\/2193\/2025\/03\/RUZICASTE-MAJICE.docx\" rel=\"attachment wp-att-297645\">Dan ru\u017ei\u010dastih majica<\/a><\/p>\n<p><a href=\"https:\/\/dom-ucenicki-kutina.skole.hr\/wp-content\/uploads\/sites\/2193\/2025\/02\/20-godina-europskog-broja-112-u-Republici-Hrvatskoj-retrospektiva.pdf\" rel=\"attachment wp-att-297444\">20 godina europskog broja 112 u Republici Hrvatskoj &#8211; retrospektiva<\/a><\/p>\n<p><a href=\"https:\/\/dom-ucenicki-kutina.skole.hr\/wp-content\/uploads\/sites\/2193\/2025\/02\/112plakat.pdf\" rel=\"attachment wp-att-297438\">112 plakat<\/a><\/p>\n<p><a href=\"https:\/\/dom-ucenicki-kutina.skole.hr\/wp-content\/uploads\/sites\/2193\/2025\/11\/Odluka-koordinator.pdf\" rel=\"attachment wp-att-299793\">Odluka-koordinator za sigurnost u\u010denika u prometu<\/a><\/p>\n<p><a href=\"https:\/\/dom-ucenicki-kutina.skole.hr\/wp-content\/uploads\/sites\/2193\/2025\/01\/Protokol-o-kontroli-ulaska-i-izlaska-u-Ucenickom-domu-Kutina-3.1.2025.-novo.docx\" rel=\"attachment wp-att-297015\"><\/a><a href=\"https:\/\/dom-ucenicki-kutina.skole.hr\/wp-content\/uploads\/sites\/2193\/2025\/01\/PROTOKOL-O-KONTROLI-ULASKA-I-IZLASKA-U-UD-KUTINA-najnovije-20.1.2025.doc\" rel=\"attachment wp-att-297336\">PROTOKOL O KONTROLI ULASKA I IZLASKA U UD KUTINA-najnovije 20.1.2025.<\/a><a href=\"https:\/\/dom-ucenicki-kutina.skole.hr\/wp-content\/uploads\/sites\/2193\/2025\/01\/Protokol-o-kontroli-ulaska-i-izlaska-u-Ucenickom-domu-Kutina-3.1.2025.-novo.docx\" rel=\"attachment wp-att-297015\"><\/a><\/p>\n<p><a href=\"https:\/\/dom-ucenicki-kutina.skole.hr\/wp-content\/uploads\/sites\/2193\/2025\/01\/Protokol-o-kontroli-ulaska-i-izlaska-u-skolskim-ustanovama.pdf\" rel=\"attachment wp-att-296988\">Protokol o kontroli ulaska i izlaska u \u0161kolskim ustanovama<\/a> <a href=\"https:\/\/dom-ucenicki-kutina.skole.hr\/wp-content\/uploads\/sites\/2193\/2025\/01\/Odluka-o-donosenju-Protokola-o-kontroli-ulaska-i-izlaska-u-skolsku-ustanovu.pdf\" rel=\"attachment wp-att-296991\"><\/a><\/p>\n<p><a href=\"https:\/\/dom-ucenicki-kutina.skole.hr\/wp-content\/uploads\/sites\/2193\/2025\/01\/Odluka-o-donosenju-Protokola-o-kontroli-ulaska-i-izlaska-u-skolsku-ustanovu.pdf\" rel=\"attachment wp-att-296991\">Odluka o dono\u0161enju Protokola o kontroli ulaska i izlaska u \u0161kolsku ustanovu<\/a><\/p>\n<p>[\/et_pb_text][\/et_pb_column][\/et_pb_row][\/et_pb_section]<\/p>\n","protected":false},"excerpt":{"rendered":"<p>Dan ru\u017ei\u010dastih majica 20 godina europskog broja 112 u Republici Hrvatskoj &#8211; retrospektiva 112 plakat Odluka-koordinator za sigurnost u\u010denika u prometu PROTOKOL O KONTROLI ULASKA I IZLASKA U UD KUTINA-najnovije 20.1.2025. Protokol o kontroli ulaska i izlaska u \u0161kolskim ustanovama Odluka o dono\u0161enju Protokola o kontroli ulaska i izlaska u \u0161kolsku ustanovu<\/p>\n","protected":false},"author":3651,"featured_media":0,"parent":0,"menu_order":0,"comment_status":"closed","ping_status":"closed","template":"","meta":{"_et_pb_use_builder":"on","_et_pb_old_content":"","_et_gb_content_width":"","footnotes":""},"class_list":["post-296979","page","type-page","status-publish","hentry"],"_links":{"self":[{"href":"https:\/\/dom-ucenicki-kutina.skole.hr\/index.php?rest_route=\/wp\/v2\/pages\/296979","targetHints":{"allow":["GET"]}}],"collection":[{"href":"https:\/\/dom-ucenicki-kutina.skole.hr\/index.php?rest_route=\/wp\/v2\/pages"}],"about":[{"href":"https:\/\/dom-ucenicki-kutina.skole.hr\/index.php?rest_route=\/wp\/v2\/types\/page"}],"author":[{"embeddable":true,"href":"https:\/\/dom-ucenicki-kutina.skole.hr\/index.php?rest_route=\/wp\/v2\/users\/3651"}],"replies":[{"embeddable":true,"href":"https:\/\/dom-ucenicki-kutina.skole.hr\/index.php?rest_route=%2Fwp%2Fv2%2Fcomments&post=296979"}],"version-history":[{"count":9,"href":"https:\/\/dom-ucenicki-kutina.skole.hr\/index.php?rest_route=\/wp\/v2\/pages\/296979\/revisions"}],"predecessor-version":[{"id":299799,"href":"https:\/\/dom-ucenicki-kutina.skole.hr\/index.php?rest_route=\/wp\/v2\/pages\/296979\/revisions\/299799"}],"wp:attachment":[{"href":"https:\/\/dom-ucenicki-kutina.skole.hr\/index.php?rest_route=%2Fwp%2Fv2%2Fmedia&parent=296979"}],"curies":[{"name":"wp","href":"https:\/\/api.w.org\/{rel}","templated":true}]}}