{"id":38,"date":"2023-07-28T22:04:21","date_gmt":"2023-07-28T20:04:21","guid":{"rendered":"https:\/\/dom-ucenicki-kutina.skole.hr\/?page_id=38"},"modified":"2026-04-13T10:43:18","modified_gmt":"2026-04-13T08:43:18","slug":"kucni-red","status":"publish","type":"page","link":"https:\/\/dom-ucenicki-kutina.skole.hr\/?page_id=38","title":{"rendered":"Ku\u0107ni red"},"content":{"rendered":"<p>[et_pb_section fb_built=&#8221;1&#8243; _builder_version=&#8221;4.25.0&#8243; _module_preset=&#8221;default&#8221; global_colors_info=&#8221;{}&#8221;][et_pb_row _builder_version=&#8221;4.25.0&#8243; _module_preset=&#8221;default&#8221; global_colors_info=&#8221;{}&#8221;][et_pb_column type=&#8221;4_4&#8243; _builder_version=&#8221;4.25.0&#8243; _module_preset=&#8221;default&#8221; global_colors_info=&#8221;{}&#8221;][et_pb_text _builder_version=&#8221;4.27.6&#8243; _module_preset=&#8221;default&#8221; hover_enabled=&#8221;0&#8243; global_colors_info=&#8221;{}&#8221; sticky_enabled=&#8221;0&#8243;]<\/p>\n<p><a href=\"https:\/\/dom-ucenicki-kutina.skole.hr\/wp-content\/uploads\/sites\/2193\/2026\/04\/Poslovnik-o-radu-Vijeca-ucenika.pdf\" rel=\"attachment wp-att-301788\">Poslovnik o radu Vije\u0107a u\u010denika<\/a><\/p>\n<p><a href=\"https:\/\/dom-ucenicki-kutina.skole.hr\/wp-content\/uploads\/sites\/2193\/2026\/04\/ZAKLJUCCI-SA-SJEDNICA-VIJECA-UCENIKA-U-SK.docx\" rel=\"attachment wp-att-301785\"><\/a><a href=\"https:\/\/dom-ucenicki-kutina.skole.hr\/wp-content\/uploads\/sites\/2193\/2025\/11\/ZAKLJUCCI-SA-SJEDNICA-VIJECA-UCENIKA-U-SK.docx\" rel=\"attachment wp-att-299697\">Zaklju\u010dci sa sjednica Vije\u0107a u\u010denika<\/a><\/p>\n<p>[\/et_pb_text][\/et_pb_column][\/et_pb_row][\/et_pb_section]<\/p>\n","protected":false},"excerpt":{"rendered":"<p>Poslovnik o radu Vije\u0107a u\u010denika Zaklju\u010dci sa sjednica Vije\u0107a u\u010denika<\/p>\n","protected":false},"author":0,"featured_media":0,"parent":0,"menu_order":0,"comment_status":"closed","ping_status":"closed","template":"","meta":{"_et_pb_use_builder":"on","_et_pb_old_content":"","_et_gb_content_width":"","footnotes":""},"class_list":["post-38","page","type-page","status-publish","hentry"],"_links":{"self":[{"href":"https:\/\/dom-ucenicki-kutina.skole.hr\/index.php?rest_route=\/wp\/v2\/pages\/38","targetHints":{"allow":["GET"]}}],"collection":[{"href":"https:\/\/dom-ucenicki-kutina.skole.hr\/index.php?rest_route=\/wp\/v2\/pages"}],"about":[{"href":"https:\/\/dom-ucenicki-kutina.skole.hr\/index.php?rest_route=\/wp\/v2\/types\/page"}],"replies":[{"embeddable":true,"href":"https:\/\/dom-ucenicki-kutina.skole.hr\/index.php?rest_route=%2Fwp%2Fv2%2Fcomments&post=38"}],"version-history":[{"count":2,"href":"https:\/\/dom-ucenicki-kutina.skole.hr\/index.php?rest_route=\/wp\/v2\/pages\/38\/revisions"}],"predecessor-version":[{"id":301791,"href":"https:\/\/dom-ucenicki-kutina.skole.hr\/index.php?rest_route=\/wp\/v2\/pages\/38\/revisions\/301791"}],"wp:attachment":[{"href":"https:\/\/dom-ucenicki-kutina.skole.hr\/index.php?rest_route=%2Fwp%2Fv2%2Fmedia&parent=38"}],"curies":[{"name":"wp","href":"https:\/\/api.w.org\/{rel}","templated":true}]}}

Kućni red

<p>[et_pb_section fb_built=&#8221;1&#8243; _builder_version=&#8221;4.25.0&#8243; _module_preset=&#8221;default&#8221; global_colors_info=&#8221;{}&#8221;][et_pb_row _builder_version=&#8221;4.25.0&#8243; _module_preset=&#8221;default&#8221; global_colors_info=&#8221;{}&#8221;][et_pb_column type=&#8221;4_4&#8243; _builder_version=&#8221;4.25.0&#8243; _module_preset=&#8221;default&#8221; global_colors_info=&#8221;{}&#8221;][et_pb_text _builder_version=&#8221;4.27.6&#8243; _module_preset=&#8221;default&#8221; hover_enabled=&#8221;0&#8243; global_colors_info=&#8221;{}&#8221; sticky_enabled=&#8221;0&#8243;]</p>
<p><a href="https://dom-ucenicki-kutina.skole.hr/wp-content/uploads/sites/2193/2026/04/Poslovnik-o-radu-Vijeca-ucenika.pdf" rel="attachment wp-att-301788">Poslovnik o radu Vijeća učenika</a></p>
<p><a href="https://dom-ucenicki-kutina.skole.hr/wp-content/uploads/sites/2193/2026/04/ZAKLJUCCI-SA-SJEDNICA-VIJECA-UCENIKA-U-SK.docx" rel="attachment wp-att-301785"></a><a href="https://dom-ucenicki-kutina.skole.hr/wp-content/uploads/sites/2193/2025/11/ZAKLJUCCI-SA-SJEDNICA-VIJECA-UCENIKA-U-SK.docx" rel="attachment wp-att-299697">Zaključci sa sjednica Vijeća učenika</a></p>
<p>[/et_pb_text][/et_pb_column][/et_pb_row][/et_pb_section]</p>

<p>Poslovnik o radu Vijeća učenika Zaključci sa sjednica Vijeća učenika</p>
